754?
0
What is the ten thousands digit of 423562658?
6
What is the millions digit of 38350922?
8
What is the hundreds digit of 50758631?
6
What is the units digit of 2264667150?
0
What is the units digit of 993512077?
7
What is the tens digit of 348196630?
3
What is the millions digit of 54339451?
4
What is the thousands digit of 9902504?
2
What is the millions digit of 3459356?
3
What is the hundred thousands digit of 68597133?
5
What is the units digit of 15666075?
5
What is the millions digit of 132497581?
2
What is the ten millions digit of 4068166595?
6
What is the units digit of 40950602?
2
What is the hundred thousands digit of 199084654?
0
What is the ten millions digit of 115996176?
1
What is the millions digit of 37579525?
7
What is the millions digit of 4679157262?
9
What is the millions digit of 54893301?
4
What is the hundred thousands digit of 431883797?
8
What is the thousands digit of 206268535?
8
What is the units digit of 52741800?
0
What is the thousands digit of 415184958?
4
What is the tens digit of 1400871366?
6
What is the thousands digit of 3000149579?
9
What is the hundred millions digit of 258848033?
2
What is the ten thousands digit of 765901251?
0
What is the hundreds digit of 127838865?
8
What is the millions digit of 1686145297?
6
What is the ten millions digit of 671903123?
7
What is the millions digit of 152152585?
2
What is the thousands digit of 52361714?
1
What is the tens digit of 900355392?
9
What is the ten thousands digit of 286511543?
1
What is the hundred millions digit of 190375467?
1
What is the hundred thousands digit of 53969235?
9
What is the thousands digit of 375279480?
9
What is the ten millions digit of 29561952?
2
What is the ten thousands digit of 64603162?
0
What is the thousands digit of 984535883?
5
What is the hundreds digit of 57982891?
8
What is the thousands digit of 136376136?
6
What is the thousands digit of 789026545?
6
What is the units digit of 324688200?
0
What is the ten thousands digit of 2485902497?
0
What is the hundred thousands digit of 539577379?
5
What is the hundreds digit of 490310?
3
What is the hundred thousands digit of 173554953?
5
What is the tens digit of 357008331?
3
What is the hundreds digit of 172552340?
3
What is the hundred thousands digit of 37551070?
5
What is the millions digit of 252472710?
2
What is the thousands digit of 862509022?
9
What is the units digit of 9800871?
1
What is the millions digit of 6088893895?
8
What is the ten millions digit of 1933115784?
3
What is the thousands digit of 22008993?
8
What is the units digit of 1085113869?
9
What is the hundreds digit of 4403009132?
1
What is the thousands digit of 626172983?
2
What is the billions digit of 1678086874?
1
What is the tens digit of 604930833?
3
What is the units digit of 121220462?
2
What is the tens digit of 199302543?
4
What is the ten millions digit of 5362497595?
6
What is the ten millions digit of 186458887?
8
What is the millions digit of 112644638?
2
What is the units digit of 71082488?
8
What is the ten millions digit of 3334918494?
3
What is the hundred thousands digit of 307087825?
0
What is the thousands digit of 2566491857?
1
What is the hundred thousands digit of 427954900?
9
What is the hundred thousands digit of 1539186167?
1
What is the millions digit of 1578973528?
8
What is the hundred millions digit of 2150764574?
1
What is the billions digit of 6855804113?
6
What is the hundreds digit of 397003639?
6
What is the tens digit of 2572397900?
0
What is the tens digit of 397647439?
3
What is the thousands digit of 263883072?
3
What is the hundred thousands digit of 344189870?
1
What is the units digit of 1397491122?
2
What is the hundred millions digit of 836463926?
8
What is the thousands digit of 53335878?
5
What is the hundred thousands digit of 104818740?
8
What is the ten millions digit of 937879618?
3
What is the hundred thousands digit of 2015703912?
7
What is the millions digit of 2913603272?
3
What is the ten millions digit of 2383191536?
8
What is the ten millions digit of 1553707662?
5
What is the ten thousands digit of 3647384?
4
What is the hundreds digit of 25912602?
6
What is the ten thousands digit of 60911444?
1
What is the thousands digit of 308309476?
9
What is the ten millions digit of 227218891?
2
What is the millions digit of 1940296093?
0
What is the millions digit of 204375231?
4
What is the billions digit of 3663016466?
3
What is the tens digit of 1905736191?
9
What is the hundreds digit of 125635829?
8
What is the units digit of 305199936?
6
What is the ten millions digit of 16859083?
1
What is the tens digit of 509053087?
8
What is the tens digit of 55277384?
8
What is the hundred millions digit of 120242929?
1
What is the units digit of 1132833301?
1
What is the ten millions digit of 252269707?
5
What is the thousands digit of 1336183?
6
What is the hundreds digit of 783568352?
3
What is the millions digit of 15974000?
5
What is the billions digit of 1331798719?
1
What is the tens digit of 212752009?
0
What is the hundreds digit of 188920858?
8
What is the units digit of 223860542?
2
What is the units digit of 5491925851?
1
What is the hundreds digit of 143431449?
4
What is the ten thousands digit of 32015413?
1
What is the hundreds digit of 8926061049?
0
What is the thousands digit of 500267560?
7
What is the units digit of 125953792?
2
What is the thousands digit of 1598617832?
7
What is the ten thousands digit of 197993631?
9
What is the ten thousands digit of 20341247?
4
What is the hundreds digit of 1804826687?
6
What is the millions digit of 87830105?
7
What is the millions digit of 117600017?
7
What is the ten millions digit of 5254510673?
5
What is the ten millions digit of 30339207?
3
What is the hundreds digit of 3724857298?
2
What is the ten millions digit of 45684667?
4
What is the hundred millions digit of 1836763769?
8
What is the ten thousands digit of 1198515289?
1
What is the hundred thousands digit of 28306684?
3
What is the thousands digit of 860877608?
7
What is the ten thousands digit of 394288922?
8
What is the tens digit of 175917920?
2
What is the units digit of 37462825?
5
What is the tens digit of 37105660?
6
What is the millions digit of 4588203?
4
What is the thousands digit of 2510351733?
1
What is the thousands digit of 42690065?
0
What is the hundred thousands digit of 2707703640?
7
What is the hundred thousands digit of 7044472?
0
What is the ten millions digit of 1112649230?
1
What is the ten thousands digit of 733719257?
1
What is the units digit of 274387580?
0
What is the millions digit of 108636583?
8
What is the millions digit of 1650756442?
0
What is the ten thousands digit of 1670804722?
0
What is the tens digit of 20869782?
8
What is the ten millions digit of 1701548056?
0
What is the units digit of 12163887?
7
What is the hundred millions digit of 3587244567?
5
What is the ten thousands digit of 81546343?
4
What is the thousands digit of 45722414?
2
What is the tens digit of 191189804?
0
What is the hundred thousands digit of 127737468?
7
What is the thousands digit of 75094813?
4
What is the thousands digit of 54743512?
3
What is the thousands digit of 2592036253?
6
What is the hundred thousands digit of 73487168?
4
What is the hundred thousands digit of 187162024?
1
What is the hundreds digit of 111783198?
1
What is the hundred millions digit of 698753989?
6
What is the hundreds digit of 3995277248?
2
What is the ten thousands digit of 152158445?
5
What is the units digit of 349020438?
8
What is the ten thousands digit of 3839075255?
7
What is the hundred thousands digit of 163885532?
8
What is the hundred thousands digit of 1839522582?
5
What is the units digit of 1032816345?
5
What is the ten millions digit of 530949152?
3
What is the hundreds digit of 6807314?
3
What is the units digit of 106275330?
0
What is the tens digit of 130588082?
8
What is the millions digit of 23310757?
3
What is the millions digit of 418098097?
8
What is the ten millions digit of 320335202?
2
What is the hundred millions digit of 538188843?
5
What is the hundred millions digit of 751380969?
7
What is the tens digit of 126220831?
3
What is the hundred thousands digit of 675445294?
4
What is the hundred thousands digit